v) = -4*v + 57. Give u(23).
-35
Let l(r) = r**3 - 22*r**2 + 18*r + 48. Give l(21).
-15
Let f(x) = -13*x - 43. Give f(-7).
48
Let u(c) = 6*c**3 + 85*c**2 + 12*c - 14. Calculate u(-14).
14
Let q(p) = -p**2 - 8*p - 15. What is q(-3)?
0
Let f(o) = o**3 - 8*o**2 + o - 5. Calculate f(8).
3
Let q(f) = -2*f**2 + 19*f + 66. Give q(-3).
-9
Let t(p) = -6*p + 21. Determine t(5).
-9
Let f(g) = g**2 - 9*g - 31. Determine f(9).
-31
Let t(y) = 2*y**3 + 10*y**2 + 6*y + 28. Determine t(-5).
-2
Let j(b) = -b**3 + b**2 + 3*b - 3. Calculate j(2).
-1
Let h(n) = 77*n**2 + 2*n + 1. Calculate h(-1).
76
Let h(d) = 2*d - 21. Determine h(16).
11
Let t(o) = -o**3 - 13*o**2 - 8*o + 5. Give t(-12).
-43
Let i(o) = -8*o + 100. Determine i(13).
-4
Let w(f) = -f**3 - 5*f**2 - f. Calculate w(-5).
5
Let g(i) = -i**2 + 6*i - 11. Calculate g(5).
-6
Let u(x) = -x**2 - 12*x - 19. What is u(-6)?
17
Let n(m) = m**3 - 34*m**2 + 33*m - 9. Calculate n(33).
-9
Let i(r) = r**3 - 14*r**2 - 13*r - 22. Calculate i(15).
8
Let j(l) = -2*l**2 + 7*l + 2. What is j(-3)?
-37
Let h(t) = t**3 - 11*t**2 + 14. What is h(11)?
14
Let r(z) = -7*z + 9. Give r(8).
-47
Let r(v) = 29*v + 447. Give r(-16).
-17
Let h(j) = 41*j**3 + j**2 - 5*j + 5. Determine h(1).
42
Let n(a) = a**3 + 4*a**2 - 8. What is n(-4)?
-8
Let h(o) = o**3 - 5*o**2 + 5*o. Give h(3).
-3
Let u(h) = 2*h**3 + 20*h**2 + 35*h + 19. Calculate u(-8).
-5
Let o(h) = -h**3 + 24*h**2 - 25*h - 17. Give o(23).
-63
Let m(v) = -3*v + 2. Determine m(-2).
8
Let c(v) = -v**3 + 26*v**2 + 55*v + 29. Calculate c(28).
1
Let g(s) = -s**3 + 2*s**2 - 2*s. What is g(2)?
-4
Let g(r) = -r**3 + 19*r**2 + 2*r + 41. What is g(19)?
79
Let b(a) = a**2 - 11*a + 13. Determine b(10).
3
Let t(z) = z**2 - 5*z - 2. Give t(4).
-6
Let m(j) = -3*j + 3. Determine m(0).
3
Let c(w) = w - 16. Determine c(6).
-10
Let o(s) = -s**2 + 3*s + 27. What is o(-6)?
-27
Let y(n) = n**2 + n + 6. What is y(0)?
6
Let b(h) = -h**3 + 5*h**2 + 4. Calculate b(4).
20
Let n(b) = b**3 - 24*b**2 - 24*b - 31. Determine n(25).
-6
Let b(t) = -t**2 - 8*t - 24. Give b(-5).
-9
Let g(f) = 8*f - 5. Determine g(-3).
-29
Let y(x) = -x**3 - 5*x**2 - 5*x - 6. Calculate y(-5).
19
Let f(t) = t**3 - 23*t**2 + 39*t + 46. Give f(21).
-17
Let z(d) = d**3 + 7*d**2 - 9*d - 1. Determine z(-8).
7
Let g(n) = -n**3 - 16*n**2 - 32*n - 54. What is g(-14)?
2
Let r(l) = l**2 - 19*l - 36. Give r(17).
-70
Let k(n) = -n**3 - 9*n**2 - 1. Determine k(-9).
-1
Let v(o) = -o**2 + 25*o + 347. What is v(35)?
-3
Let u(f) = 4*f**3 + f**2 + 2*f + 1. Give u(-1).
-4
Let k(x) = 9*x - 14. Calculate k(8).
58
Let i(j) = -2*j**3 + 5*j**2 - j - 4. Determine i(3).
-16
Let d(g) = g**2 - 3*g - 2. Calculate d(4).
2
Let z(d) = -d**2 + 10*d + 328. Calculate z(-14).
-8
Let a(j) = j**3 + 5*j - 6. Determine a(0).
-6
Let o(v) = 5*v**3 - v**2 + 1. Calculate o(1).
5
Let d(u) = 9*u - 51. Calculate d(5).
-6
Let u(v) = v**3 - 10*v**2 + 6*v - 42. What is u(10)?
18
Let j(x) = x**3 + 24*x**2 + 21*x - 23. What is j(-23)?
23
Let m(s) = s**2 - 4*s - 27. Determine m(7).
-6
Let l(k) = -3*k + 10. What is l(10)?
-20
Let w(v) = v**3 - 21*v**2 - 22*v - 12. Calculate w(22).
-12
Let a(u) = -7*u**2 - 7*u - 2. Give a(-1).
-2
Let i(z) = -2*z - 1. What is i(4)?
-9
Let h(d) = -2*d + 11. Give h(9).
-7
Let k(y) = -7*y**3 - 2*y**2. Determine k(-2).
48
Let x(m) = -m**2 - 11*m + 311. Determine x(13).
-1
Let k(m) = -2*m**2 - 21*m + 14. Determine k(-11).
3
Let s(x) = x**3 - 7*x**2 - 2*x - 50. Give s(8).
-2
Let j(q) = 35*q**3 - q**2. Calculate j(1).
34
Let q(h) = 15*h + 199. Determine q(-14).
-11
Let i(z) = z**3 - 8*z**2 + 10*z + 8. Calculate i(3).
-7
Let k(c) = -c**2 - 7*c - 6. What is k(-5)?
4
Let p(s) = -2*s - 75. Calculate p(-18).
-39
Let f(y) = 18*y + 139. Determine f(-9).
-23
Let d(q) = 6*q**2 - 4*q - 5. Give d(-2).
27
Let p(k) = -2*k**2 - 2*k - 3. Give p(-2).
-7
Let y(w) = -w**3 + 13*w**2 - 13*w + 1. Determine y(12).
-11
Let q(l) = -17*l + 65. Determine q(4).
-3
Let c(i) = i**3 + 12*i**2 + 8*i - 5. Determine c(-11).
28
Let t(s) = 6*s - 5. Determine t(0).
-5
Let z(y) = y**2 - 20*y - 488. Give z(-14).
-12
Let m(z) = 3*z + 64. Calculate m(-19).
7
Let s(m) = 2*m**2 + 10*m - 22. Determine s(-8).
26
Let d(h) = 2*h**2 - 22*h + 56. Calculate d(5).
-4
Let j(o) = o**3 - 18*o**2 - 3*o + 56. Determine j(18).
2
Let s(w) = -w**2 - 43*w + 191. Give s(-47).
3
Let b(o) = o**3 - 4*o**2 - 3*o - 34. Calculate b(6).
20
Let q(v) = v**2 + 5*v - 1. What is q(-2)?
-7
Let u(m) = -17*m**3 + m - 1. Give u(1).
-17
Let z(b) = -33*b**3 - b**2 + 1. What is z(-1)?
33
Let d(u) = -72*u - 425. What is d(-6)?
7
Let n(f) = -9*f**3 - 2*f**2 + 2*f. Give n(1).
-9
Let w(q) = -q**2 + 8*q. Determine w(4).
16
Let t(j) = -j**3 - 9*j**2 + j - 12. What is t(-9)?
-21
Let d(f) = -f - 24. Determine d(-15).
-9
Let l(p) = -2*p - 3. What is l(-13)?
23
Let n(o) = 4*o**2 + 10*o - 2. What is n(-7)?
124
Let x(w) = -w**2 + 10*w - 10. Determine x(8).
6
Let j(m) = -m**2 + 4*m - 1. Give j(9).
-46
Let x(h) = h**2 - 18*h + 2. Determine x(18).
2
Let r(m) = 7*m - 1. Calculate r(3).
20
Let q(w) = -40*w - 3. What is q(4)?
-163
Let n(x) = -x**2 + 11*x + 2. Give n(13).
-24
Let l(s) = 2*s**2 - 8*s + 3. Calculate l(3).
-3
Let y(v) = -v**3 + 4*v**2 + 7*v - 15. Give y(5).
-5
Let m(t) = t**3 + 10*t**2 + 13. Calculate m(-10).
13
Let j(t) = -t**3 - 7*t**2 - 16*t - 61. Determine j(-6).
-1
Let f(x) = -3*x**2 - x + 2. Calculate f(2).
-12
Let f(m) = -8*m**2 + 46*m + 2. Calculate f(6).
-10
Let l(z) = -2*z**2 + 8*z + 1. Give l(6).
-23
Let h(f) = f**3 - 9*f**2 - 11*f - 11. Determine h(10).
-21
Let o(q) = 2*q**2 - 20*q - 9. Determine o(10).
-9
Let q(z) = z**2 + 16*z - 28. Determine q(-17).
-11
Let n(p) = 5*p - 169. What is n(33)?
-4
Let n(z) = 2*z - 22. What is n(9)?
-4
Let p(h) = -h**2 - 34*h - 64. Determine p(-32).
0
Let b(n) = -n + 12. Calculate b(8).
4
Let c(d) = d**2 + 15*d - 4. What is c(-16)?
12
Let m(j) = j**2 - j - 5. Give m(-7).
51
Let i(w) = -w + 1. What is i(6)?
-5
Let j(i) = i**2 - 2. Calculate j(-6).
34
Let n(w) = w**3 - 6*w + 3. What is n(3)?
12
Let j(a) = a**3 - 12*a**2 + 3*a. Calculate j(12).
36
Let r(j) = j**3 + 10*j**2 + j + 13. Calculate r(-10).
3
Let y(j) = 2*j**3 + 2*j**2 + 6*j + 3. What is y(-2)?
-17
Let x(u) = 11*u + 3. Give x(3).
36
Let g(z) = -2*z + 7. Determine g(14).
-21
Let b(q) = 13*q - 12. Calculate b(-2).
-38
Let t(f) = -23*f - 326. What is t(-14)?
-4
Let w(m) = 3*m**3 + 10*m**2 + m - 4. What is w(-3)?
2
Let w(n) = -5*n - 9. Give w(-4).
11
Let m(r) = -5*r + 7. Calculate m(2).
-3
Let x(f) = 3*f**2 - 5*f + 5. Give x(6).
83
Let s(m) = 35*m**3 + 2*m**2 - 1. Determine s(1).
36
Let u(a) = a**3 + 9*a**2 + a - 1. Calculate u(-9).
-10
Let k(z) = 4*z - 4. What is k(4)?
12
Let g(d) = d**3 - 7*d**2 + 9*d - 13. Calculate g(6).
5
Let l(k) = 16*k + 4. Calculate l(-2).
-28
Let h(w) = w**2 - 16*w + 34. Give h(13).
-5
Let y(l) = -l**3 - 10*l**2 - 11*l - 24. Determine y(-9).
-6
Let m(g) = -3*g - 4. Give m(5).
-19
Let u(c) = -c**3 - 8*c**2 + 13*c - 4. Calculate u(-9).
-40
Let f(l) = 6*l + 2. Calculate f(4).
26
Let t(b) = b**2 - 15*b + 7. Give t(16).
23
Let k(u) = -u**2 - 2*u + 4. Calculate k(2).
-4
Let j(f) = f**3 - 3. Calculate j(0).
-3
Let h(m) = 2*m + 9. What is h(0)?
9
Let t(l) = 20*l - 194. Give t(10).
6
Let i(x) = x**3 + 17*x**2 + 44*x + 220. What is i(-15)?
10
Let k(r) = -8*r**2 - 27*r - 29. Give k(-2).
-7
Let y(l) = -l**3 + 6*l**2 + l + 1. What is y(6)?
7
Let o(k) = 8*k + 2. Calculate o(1).
10
Let p(u) = u**2 - 14*u - 56. Calculate p(17).
-5
Let o(h) = h**3 + 6*h**2 + 1. Determine o(-6).
1
Let z(s) = -s**3 - s**2 - s + 65. Determine z(0).
65
Let p(c) = -71*c**2 - c + 1. Give p(-1).
-69
Let f(a) = 4*a - 8. Calculate f(-8).
-40
Let n(z) = -11*z + 129. Give n(11).
8
Let x(p) = p - 7. Give x(12).
5
Let f(p) = p**2 - 13*p + 15. Give f(10).
-15
Let g(x) = -x**3 - 3*x**2 + 3*x + 1. Give g(0).
1
Let h(x) = -12*x - 42. Give h(-4).
6
Let l(a) = 112*a - 1126. What is l(10)?
-6
Let r(t) = -t**3 - 5*t**2 - 3*t + 1. What is r(-3)?
-8
Let r(h) = -2*h**2 - h + 5. Determine r(0).
5
Let m(g) = -12*g + 11. Calculate m(6).
-61
Let y(k) = -k**2 - 15*k - 9. Give y(-12).
27
Let s(w) = w**3 + 2*w**2 - 5*w. Determine s(-4).
-12
Let y(z) = z**3 - 24*z**2 - 26*z + 42. Calculate y(25).
17
Let i(f) = f**2 + 6*f - 65. What is i(-6)?
-65
Let j(b) = -4*b - 66. Give j(-19).
10
Let